Convert 15a (base 14) to base 3.
101020
b07 (base 12) to base 11
1217
What is -c03 (base 15) in base 5?
-41303
What is -21100022 (base 3) in base 12?
-3122
1000010 (base 3) to base 5
10412
Convert -558 (base 13) to base 6.
-4130
403140 (base 5) to base 7
52445
Convert 305 (base 15) to base 10.
680
What is -548a (base 11) in base 13?
-33a9
What is 4192 (base 15) in base 8?
33046
Convert 31322 (base 5) to base 12.
125b
What is -42303 (base 5) in base 3?
-10212202
What is -1cc (base 16) in base 7?
-1225
What is 2189 (base 10) in base 4?
202031
What is 64a (base 14) in base 4?
103122
Convert -a53 (base 16) to base 7.
-10464
What is -222230 (base 4) in base 5?
-41412
What is 36641 (base 9) in base 15?
743a
Convert 202021110 (base 3) to base 13.
6960
What is 1215 (base 8) in base 4?
22031
-21221020 (base 3) to base 13
-282c
Convert -3b1 (base 16) to base 5.
-12240
Convert -2434 (base 5) to base 7.
-1035
135 (base 8) to base 16
5d
What is 33784 (base 10) in base 9?
51307
What is -30222101 (base 4) in base 9?
-78118
Convert a79 (base 12) to base 15.
6c3
Convert -2028 (base 11) to base 7.
-10564
-b05 (base 13) to base 16
-748
What is 110011101100000 (base 2) in base 15?
7c94
Convert -11bc1 (base 13) to base 5.
-2022044
Convert 264 (base 8) to base 6.
500
-37b (base 13) to base 5
-4414
Convert -c25 (base 14) to base 2.
-100101010001
-4143 (base 5) to base 3
-202022
-a54 (base 13) to base 10
-1759
1321 (base 4) to base 12
a1
Convert -311 (base 8) to base 16.
-c9
What is -10021212 (base 3) in base 9?
-3255
What is 522 (base 8) in base 3?
110112
-19677 (base 12) to base 15
-b07d
What is -1224 (base 6) in base 5?
-2204
Convert 202 (base 11) to base 13.
15a
Convert -232321 (base 5) to base 6.
-103101
15044 (base 8) to base 12
3a58
What is -624 (base 7) in base 16?
-138
What is a09 (base 14) in base 5?
30334
Convert 22b8 (base 15) to base 5.
213443
Convert 3540 (base 7) to base 6.
10010
Convert 1101000001101 (base 2) to base 15.
1e99
What is -1231103 (base 4) in base 3?
-100121002
-267 (base 10) to base 14
-151
-689a (base 13) to base 14
-54b3
Convert 45a (base 14) to base 4.
31200
Convert -100023211 (base 4) to base 13.
-24223
Convert -120033 (base 4) to base 11.
-1190
What is -121020210 (base 3) in base 15?
-379c
-20201 (base 3) to base 8
-265
962 (base 10) to base 2
1111000010
1100010011010111 (base 2) to base 16
c4d7
Convert 1784 (base 12) to base 4.
230110
Convert 44021 (base 5) to base 13.
14a8
-1635 (base 7) to base 8
-1227
What is 1778 (base 9) in base 11?
1033
What is -786 (base 10) in base 7?
-2202
Convert -205434 (base 6) to base 16.
-419e
Convert b04 (base 15) to base 3.
10101211
Convert 1647 (base 10) to base 5.
23042
Convert 2747 (base 14) to base 10.
6923
What is -1000001011001101 (base 2) in base 6?
-415005
Convert -15 (base 6) to base 7.
-14
Convert 538 (base 16) to base 11.
1005
Convert 1388 (base 9) to base 14.
552
-1260 (base 14) to base 8
-6224
Convert -bb19 (base 13) to base 8.
-62700
Convert 271 (base 12) to base 9.
454
What is -24600 (base 7) in base 16?
-1944
11011000 (base 2) to base 3
22000
4903 (base 14) to base 10
12743
Convert -15b7 (base 12) to base 14.
-d2b
Convert 152 (base 14) to base 6.
1124
104322 (base 5) to base 9
5074
What is -8605 (base 9) in base 4?
-1202303
What is 36 (base 11) in base 16?
27
Convert 10010110001010 (base 2) to base 15.
2caa
6601 (base 8) to base 5
102312
What is 100 (base 14) in base 10?
196
What is 28a (base 11) in base 15?
17a
What is 2738 (base 9) in base 7?
6002
-2ebe (base 15) to base 4
-2131133
Convert 4161 (base 16) to base 9.
24856
1cc0 (base 15) to base 2
1100001101111
4034120 (base 5) to base 13
23711
-1001101011 (base 2) to base 8
-1153
-8a6 (base 11) to base 8
-2074
What is 12f (base 16) in base 5?
2203
Convert 1e8 (base 16) to base 4.
13220
What is -1010112 (base 5) in base 6?
-203214
Convert -541 (base 9) to base 13.
-280
What is -111212 (base 3) in base 15?
-19e
What is -342122 (base 5) in base 6?
-132150
-200210 (base 3) to base 4
-13323
Convert 1000101101 (base 2) to base 11.
467
-53654 (base 8) to base 7
-122302
-11100211 (base 3) to base 9
-4324
Convert -4849 (base 11) to base 5.
-200340
What is -786 (base 9) in base 5?
-10040
What is -101000101100111 (base 2) in base 11?
-14725
624 (base 8) to base 13
251
-35816 (base 9) to base 12
-11a73
What is -2513 (base 8) in base 4?
-111023
Convert 221420 (base 7) to base 4.
21200321
What is 11bc (base 13) in base 10?
2521
8bc (base 15) to base 12
1189
What is -5458 (base 11) in base 16?
-1c22
ae70 (base 15) to base 14
d6b3
-7ca (base 14) to base 3
-2010102
What is e0c5 (base 15) in base 16?
b94b
What is -12eb (base 15) in base 2?
-111111001110
What is -12222 (base 4) in base 9?
-523
What is -4a4 (base 15) in base 12?
-73a
What is -13774 (base 8) in base 12?
-3678
Convert 6b (base 12) to base 3.
10002
Convert 41023 (base 5) to base 7.
10456
Convert -6001 (base 7) to base 15.
-924
Convert -424421 (base 6) to base 7.
-203134
What is -1ba4 (base 12) in base 16?
-d6c
173040 (base 8) to base 2
1111011000100000
Convert fd5 (base 16) to base 4.
333111
What is -ffa (base 16) in base 4?
-333322
What is -a40b (base 13) in base 5?
-1211112
Convert ad0 (base 14) to base 12.
12a6
-8b8 (base 14) to base 13
-a31
What is -161 (base 12) in base 10?
-217
-2306 (base 11) to base 12
-1907
-10022021 (base 3) to base 6
-15054
What is 312300 (base 4) in base 12?
2040
What is ff9 (base 16) in base 8?
7771
Convert 40c2 (base 15) to base 14.
4db4
Convert 665 (base 9) to base 4.
20201
What is 4203 (base 5) in base 14?
2b7
What is 10010100011100 (base 2) in base 3?
111000212
What is 194 (base 11) in base 7?
440
-313044 (base 6) to base 2
-110001011010100
405 (base 7) to base 5
1301
Convert -a624 (base 12) to base 14.
-68a0
What is 10011001010 (base 2) in base 9?
1612
What is 101122200 (base 3) in base 15?
247c
Convert -430 (base 14) to base 9.
-1117
What is -55447 (base 8) in base 5?
-1221320
1308 (base 10) to base 16
51c
What is 2304 (base 7) in base 16?
345
What is 2822 (base 12) in base 2?
1001000011010
What is 11100110100001 (base 2) in base 4?
3212201
Convert 946 (base 10) to base 16.
3b2
Convert -103277 (base 8) to base 13.
-12916
Convert a45 (base 12) to base 10.
1493
What is -1aea (base 15) in base 9?
-8014
What is 391 (base 14) in base 8?
1313
Convert 85b (base 15) to base 2.
11101011110
Convert 40232 (base 5) to base 14.
d15
3354 (base 7) to base 14
62b
-12457 (base 11) to base 6
-214345
-6234 (base 12) to base 15
-3281
What is 304a (base 15) in base 5?
311240
Convert -766 (base 8) to base 13.
-2c8
1110010101101 (base 2) to base 4
1302231
-164 (base 8) to base 6
-312
-2227 (base 8) to base 14
-5dd
-265 (base 10) to base 6
-1121
-2020210 (base 3) to base 8
-3151
What is 360 (base 11) in base 8?
655
Convert -1000001010010 (base 2) to base 4.
-1001102
What is -100000011110 (base 2) in base 16?
-81e
-147 (base 16) to base 13
-1c2
What is 1db4 (base 15) in base 16?
1945
Convert -41321 (base 5) to base 3.
-10201102
3434 (base 5) to base 8
756
What is -5366 (base 9) in base 16?
-f6c
What is -67 (base 12) in base 6?
-211
What is -2220 (base 6) in base 12?
-370
What is -12e5 (base 16) in base 15?
-1677
1302113 (base 4) to base 5
213234
Convert 11125 (base 6) to base 8.
3035
What is -316 (base 12) in base 10?
-450
Convert 113244 (base 5) to base 14.
175d
-1130123 (base 4) to base 16
-171b
-587 (base 13) to base 7
-2534
b51 (base 13) to base 3
2122022
What is -11011101 (base 2) in base 7?
-434
12852 (base 10) to base 2
11001000110100
6935 (base 10) to base 14
2755
-4e8 (base 16) to base 10
-1256
What is 3e2 (base 16) in base 11?
824
What is 6742 (base 16) in base 12?
1336a
16c (base 16) to base 11
301
Convert -212020201 (base 3) to base 10.
-16948
Convert -47 (base 14) to base 11.
-58
What is 1210122 (base 3) in base 12?
915
What is 10001110000110110 (base 2) in base 11?
4a734
Convert 9b7 (base 16) to base 6.
15303
Convert 2312122 (base 4) to base 10.
11674
What is -1440 (base 8) in base 14?
-412
-4a1 (base 16) to base 7
-3312
What is -bd1 (base 14) in base 4?
-210203
Convert 64231 (base 7) to base 8.
37032
What is -122401 (base 7) in base 4?
-11133130
What is -4452 (base 7) in base 5?
-22410
What is 112b (base 12) in base 2?
11101110011
What is 753a (base 15) in ba